{"id":17,"date":"2023-12-21T13:21:49","date_gmt":"2023-12-21T12:21:49","guid":{"rendered":"http:\/\/operaif.cluster029.hosting.ovh.net\/index.php\/contact-us\/"},"modified":"2024-03-29T13:53:57","modified_gmt":"2024-03-29T12:53:57","slug":"contact-us","status":"publish","type":"page","link":"https:\/\/onbehalf.ai\/index.php\/fr\/contact-us\/","title":{"rendered":"Contact"},"content":{"rendered":"\t\t<div data-elementor-type=\"wp-page\" data-elementor-id=\"17\" class=\"elementor elementor-17\" data-elementor-post-type=\"page\">\n\t\t\t\t<div class=\"elementor-element elementor-element-a772ac7 e-flex e-con-boxed e-con e-parent\" data-id=\"a772ac7\" data-element_type=\"container\">\n\t\t\t\t\t<div class=\"e-con-inner\">\n\t\t\t\t<div class=\"elementor-element elementor-element-2f412e9 elementor-widget elementor-widget-spacer\" data-id=\"2f412e9\" data-element_type=\"widget\" data-widget_type=\"spacer.default\">\n\t\t\t\t<div class=\"elementor-widget-container\">\n\t\t\t<style>\/*! elementor - v3.21.0 - 26-05-2024 *\/\n.elementor-column .elementor-spacer-inner{height:var(--spacer-size)}.e-con{--container-widget-width:100%}.e-con-inner>.elementor-widget-spacer,.e-con>.elementor-widget-spacer{width:var(--container-widget-width,var(--spacer-size));--align-self:var(--container-widget-align-self,initial);--flex-shrink:0}.e-con-inner>.elementor-widget-spacer>.elementor-widget-container,.e-con>.elementor-widget-spacer>.elementor-widget-container{height:100%;width:100%}.e-con-inner>.elementor-widget-spacer>.elementor-widget-container>.elementor-spacer,.e-con>.elementor-widget-spacer>.elementor-widget-container>.elementor-spacer{height:100%}.e-con-inner>.elementor-widget-spacer>.elementor-widget-container>.elementor-spacer>.elementor-spacer-inner,.e-con>.elementor-widget-spacer>.elementor-widget-container>.elementor-spacer>.elementor-spacer-inner{height:var(--container-widget-height,var(--spacer-size))}.e-con-inner>.elementor-widget-spacer.elementor-widget-empty,.e-con>.elementor-widget-spacer.elementor-widget-empty{position:relative;min-height:22px;min-width:22px}.e-con-inner>.elementor-widget-spacer.elementor-widget-empty .elementor-widget-empty-icon,.e-con>.elementor-widget-spacer.elementor-widget-empty .elementor-widget-empty-icon{position:absolute;top:0;bottom:0;left:0;right:0;margin:auto;padding:0;width:22px;height:22px}<\/style>\t\t<div class=\"elementor-spacer\">\n\t\t\t<div class=\"elementor-spacer-inner\"><\/div>\n\t\t<\/div>\n\t\t\t\t<\/div>\n\t\t\t\t<\/div>\n\t\t\t\t\t<\/div>\n\t\t\t\t<\/div>\n\t\t<div class=\"elementor-element elementor-element-a04beb8 e-con-full e-flex elementor-invisible e-con e-parent\" data-id=\"a04beb8\" data-element_type=\"container\" data-settings=\"{&quot;background_background&quot;:&quot;classic&quot;,&quot;motion_fx_motion_fx_scrolling&quot;:&quot;yes&quot;,&quot;motion_fx_translateY_effect&quot;:&quot;yes&quot;,&quot;motion_fx_translateY_affectedRange&quot;:{&quot;unit&quot;:&quot;%&quot;,&quot;size&quot;:&quot;&quot;,&quot;sizes&quot;:{&quot;start&quot;:47,&quot;end&quot;:100}},&quot;animation&quot;:&quot;fadeIn&quot;,&quot;motion_fx_translateY_speed&quot;:{&quot;unit&quot;:&quot;px&quot;,&quot;size&quot;:4,&quot;sizes&quot;:[]},&quot;motion_fx_devices&quot;:[&quot;desktop&quot;,&quot;tablet&quot;,&quot;mobile&quot;]}\">\n\t\t\t\t<\/div>\n\t\t<div class=\"elementor-element elementor-element-0459b9d e-flex e-con-boxed e-con e-parent\" data-id=\"0459b9d\" data-element_type=\"container\">\n\t\t\t\t\t<div class=\"e-con-inner\">\n\t\t\t\t<div class=\"elementor-element elementor-element-3bcbcd6 elementor-widget elementor-widget-spacer\" data-id=\"3bcbcd6\" data-element_type=\"widget\" data-widget_type=\"spacer.default\">\n\t\t\t\t<div class=\"elementor-widget-container\">\n\t\t\t\t\t<div class=\"elementor-spacer\">\n\t\t\t<div class=\"elementor-spacer-inner\"><\/div>\n\t\t<\/div>\n\t\t\t\t<\/div>\n\t\t\t\t<\/div>\n\t\t\t\t\t<\/div>\n\t\t\t\t<\/div>\n\t\t<div class=\"elementor-element elementor-element-a5121c6 e-flex e-con-boxed e-con e-parent\" data-id=\"a5121c6\" data-element_type=\"container\">\n\t\t\t\t\t<div class=\"e-con-inner\">\n\t\t\t\t<div class=\"elementor-element elementor-element-a4f71cb elementor-widget elementor-widget-spacer\" data-id=\"a4f71cb\" data-element_type=\"widget\" data-widget_type=\"spacer.default\">\n\t\t\t\t<div class=\"elementor-widget-container\">\n\t\t\t\t\t<div class=\"elementor-spacer\">\n\t\t\t<div class=\"elementor-spacer-inner\"><\/div>\n\t\t<\/div>\n\t\t\t\t<\/div>\n\t\t\t\t<\/div>\n\t\t\t\t\t<\/div>\n\t\t\t\t<\/div>\n\t\t<div class=\"elementor-element elementor-element-b7d1c45 e-con-full e-flex e-con e-parent\" data-id=\"b7d1c45\" data-element_type=\"container\">\n\t\t<div class=\"elementor-element elementor-element-c24c69b e-con-full e-flex elementor-invisible e-con e-child\" data-id=\"c24c69b\" data-element_type=\"container\" data-settings=\"{&quot;animation&quot;:&quot;fadeIn&quot;}\">\n\t\t<div class=\"elementor-element elementor-element-705f18d e-con-full e-flex elementor-invisible e-con e-child\" data-id=\"705f18d\" data-element_type=\"container\" data-settings=\"{&quot;animation&quot;:&quot;fadeIn&quot;}\">\n\t\t<div class=\"elementor-element elementor-element-3796943 e-flex e-con-boxed e-con e-child\" data-id=\"3796943\" data-element_type=\"container\">\n\t\t\t\t\t<div class=\"e-con-inner\">\n\t\t\t\t<div class=\"elementor-element elementor-element-031d728 elementor-widget elementor-widget-heading\" data-id=\"031d728\" data-element_type=\"widget\" data-widget_type=\"heading.default\">\n\t\t\t\t<div class=\"elementor-widget-container\">\n\t\t\t<style>\/*! elementor - v3.21.0 - 26-05-2024 *\/\n.elementor-heading-title{padding:0;margin:0;line-height:1}.elementor-widget-heading .elementor-heading-title[class*=elementor-size-]>a{color:inherit;font-size:inherit;line-height:inherit}.elementor-widget-heading .elementor-heading-title.elementor-size-small{font-size:15px}.elementor-widget-heading .elementor-heading-title.elementor-size-medium{font-size:19px}.elementor-widget-heading .elementor-heading-title.elementor-size-large{font-size:29px}.elementor-widget-heading .elementor-heading-title.elementor-size-xl{font-size:39px}.elementor-widget-heading .elementor-heading-title.elementor-size-xxl{font-size:59px}<\/style><h1 class=\"elementor-heading-title elementor-size-default\">\nNous contacter<\/h1>\t\t<\/div>\n\t\t\t\t<\/div>\n\t\t\t\t\t<\/div>\n\t\t\t\t<\/div>\n\t\t<div class=\"elementor-element elementor-element-58466ad e-flex e-con-boxed e-con e-child\" data-id=\"58466ad\" data-element_type=\"container\">\n\t\t\t\t\t<div class=\"e-con-inner\">\n\t\t\t\t<div class=\"elementor-element elementor-element-a492c9f elementor-widget elementor-widget-text-editor\" data-id=\"a492c9f\" data-element_type=\"widget\" data-widget_type=\"text-editor.default\">\n\t\t\t\t<div class=\"elementor-widget-container\">\n\t\t\t<style>\/*! elementor - v3.21.0 - 26-05-2024 *\/\n.elementor-widget-text-editor.elementor-drop-cap-view-stacked .elementor-drop-cap{background-color:#69727d;color:#fff}.elementor-widget-text-editor.elementor-drop-cap-view-framed .elementor-drop-cap{color:#69727d;border:3px solid;background-color:transparent}.elementor-widget-text-editor:not(.elementor-drop-cap-view-default) .elementor-drop-cap{margin-top:8px}.elementor-widget-text-editor:not(.elementor-drop-cap-view-default) .elementor-drop-cap-letter{width:1em;height:1em}.elementor-widget-text-editor .elementor-drop-cap{float:left;text-align:center;line-height:1;font-size:50px}.elementor-widget-text-editor .elementor-drop-cap-letter{display:inline-block}<\/style>\t\t\t\t<p>Un projet, une question ? L&#8217;envie d&#8217;en savoir plus ?<\/p>\n<p>Nous sommes \u00e0 votre \u00e9coute.<\/p>\n<p>Prenez directement <strong>RDV ci-apr\u00e8s,<\/strong><\/p>\n<p>ou scannez le QR Code ci-dessous pour recueillir les <strong>coordonn\u00e9es t\u00e9l\u00e9phoniques et email<\/strong>.&nbsp;<\/p>\t\t\t\t\t\t<\/div>\n\t\t\t\t<\/div>\n\t\t\t\t\t<\/div>\n\t\t\t\t<\/div>\n\t\t<div class=\"elementor-element elementor-element-6104b73 e-flex e-con-boxed e-con e-child\" data-id=\"6104b73\" data-element_type=\"container\">\n\t\t\t\t\t<div class=\"e-con-inner\">\n\t\t\t\t<div class=\"elementor-element elementor-element-7777596 elementor-widget elementor-widget-image\" data-id=\"7777596\" data-element_type=\"widget\" data-widget_type=\"image.default\">\n\t\t\t\t<div class=\"elementor-widget-container\">\n\t\t\t<style>\/*! elementor - v3.21.0 - 26-05-2024 *\/\n.elementor-widget-image{text-align:center}.elementor-widget-image a{display:inline-block}.elementor-widget-image a img[src$=\".svg\"]{width:48px}.elementor-widget-image img{vertical-align:middle;display:inline-block}<\/style>\t\t\t\t\t\t\t\t\t\t<img fetchpriority=\"high\" decoding=\"async\" width=\"379\" height=\"379\" src=\"https:\/\/onbehalf.ai\/wp-content\/uploads\/2024\/02\/QRCode.png\" class=\"attachment-large size-large wp-image-1139\" alt=\"\" srcset=\"https:\/\/onbehalf.ai\/wp-content\/uploads\/2024\/02\/QRCode.png 379w, https:\/\/onbehalf.ai\/wp-content\/uploads\/2024\/02\/QRCode-300x300.png 300w, https:\/\/onbehalf.ai\/wp-content\/uploads\/2024\/02\/QRCode-150x150.png 150w, https:\/\/onbehalf.ai\/wp-content\/uploads\/2024\/02\/QRCode-100x100.png 100w\" sizes=\"(max-width: 379px) 100vw, 379px\" \/>\t\t\t\t\t\t\t\t\t\t\t\t\t<\/div>\n\t\t\t\t<\/div>\n\t\t\t\t\t<\/div>\n\t\t\t\t<\/div>\n\t\t\t\t<\/div>\n\t\t\t\t<\/div>\n\t\t<div class=\"elementor-element elementor-element-2a185cb e-con-full e-flex elementor-invisible e-con e-child\" data-id=\"2a185cb\" data-element_type=\"container\" data-settings=\"{&quot;animation&quot;:&quot;fadeIn&quot;}\">\n\t\t<div class=\"elementor-element elementor-element-a134af6 e-con-full e-flex elementor-invisible e-con e-child\" data-id=\"a134af6\" data-element_type=\"container\" data-settings=\"{&quot;animation&quot;:&quot;fadeIn&quot;}\">\n\t\t\t\t<div class=\"elementor-element elementor-element-c6d7711 elementor-widget elementor-widget-html\" data-id=\"c6d7711\" data-element_type=\"widget\" data-widget_type=\"html.default\">\n\t\t\t\t<div class=\"elementor-widget-container\">\n\t\t\t<iframe src='https:\/\/outlook.office365.com\/owa\/calendar\/Booktimewithme@onbehalf.ai\/bookings\/' width='150%' height='600%' scrolling='yes' style='border:0'><\/iframe>\t\t<\/div>\n\t\t\t\t<\/div>\n\t\t\t\t<\/div>\n\t\t\t\t<\/div>\n\t\t\t\t<\/div>\n\t\t<div class=\"elementor-element elementor-element-1547dd2 e-flex e-con-boxed e-con e-parent\" data-id=\"1547dd2\" data-element_type=\"container\">\n\t\t\t\t\t<div class=\"e-con-inner\">\n\t\t\t\t<div class=\"elementor-element elementor-element-db22ba6 elementor-widget elementor-widget-spacer\" data-id=\"db22ba6\" data-element_type=\"widget\" data-widget_type=\"spacer.default\">\n\t\t\t\t<div class=\"elementor-widget-container\">\n\t\t\t\t\t<div class=\"elementor-spacer\">\n\t\t\t<div class=\"elementor-spacer-inner\"><\/div>\n\t\t<\/div>\n\t\t\t\t<\/div>\n\t\t\t\t<\/div>\n\t\t\t\t\t<\/div>\n\t\t\t\t<\/div>\n\t\t<div class=\"elementor-element elementor-element-5a9c9b3 e-flex e-con-boxed e-con e-parent\" data-id=\"5a9c9b3\" data-element_type=\"container\">\n\t\t\t\t\t<div class=\"e-con-inner\">\n\t\t\t\t<div class=\"elementor-element elementor-element-660b355 elementor-widget elementor-widget-spacer\" data-id=\"660b355\" data-element_type=\"widget\" data-widget_type=\"spacer.default\">\n\t\t\t\t<div class=\"elementor-widget-container\">\n\t\t\t\t\t<div class=\"elementor-spacer\">\n\t\t\t<div class=\"elementor-spacer-inner\"><\/div>\n\t\t<\/div>\n\t\t\t\t<\/div>\n\t\t\t\t<\/div>\n\t\t\t\t\t<\/div>\n\t\t\t\t<\/div>\n\t\t<div class=\"elementor-element elementor-element-cb86f24 e-flex e-con-boxed e-con e-parent\" data-id=\"cb86f24\" data-element_type=\"container\">\n\t\t\t\t\t<div class=\"e-con-inner\">\n\t\t\t\t<div class=\"elementor-element elementor-element-23fbe51 elementor-widget-divider--view-line elementor-widget elementor-widget-divider\" data-id=\"23fbe51\" data-element_type=\"widget\" data-widget_type=\"divider.default\">\n\t\t\t\t<div class=\"elementor-widget-container\">\n\t\t\t<style>\/*! elementor - v3.21.0 - 26-05-2024 *\/\n.elementor-widget-divider{--divider-border-style:none;--divider-border-width:1px;--divider-color:#0c0d0e;--divider-icon-size:20px;--divider-element-spacing:10px;--divider-pattern-height:24px;--divider-pattern-size:20px;--divider-pattern-url:none;--divider-pattern-repeat:repeat-x}.elementor-widget-divider .elementor-divider{display:flex}.elementor-widget-divider .elementor-divider__text{font-size:15px;line-height:1;max-width:95%}.elementor-widget-divider .elementor-divider__element{margin:0 var(--divider-element-spacing);flex-shrink:0}.elementor-widget-divider .elementor-icon{font-size:var(--divider-icon-size)}.elementor-widget-divider .elementor-divider-separator{display:flex;margin:0;direction:ltr}.elementor-widget-divider--view-line_icon .elementor-divider-separator,.elementor-widget-divider--view-line_text .elementor-divider-separator{align-items:center}.elementor-widget-divider--view-line_icon .elementor-divider-separator:after,.elementor-widget-divider--view-line_icon .elementor-divider-separator:before,.elementor-widget-divider--view-line_text .elementor-divider-separator:after,.elementor-widget-divider--view-line_text .elementor-divider-separator:before{display:block;content:\"\";border-block-end:0;flex-grow:1;border-block-start:var(--divider-border-width) var(--divider-border-style) var(--divider-color)}.elementor-widget-divider--element-align-left .elementor-divider .elementor-divider-separator>.elementor-divider__svg:first-of-type{flex-grow:0;flex-shrink:100}.elementor-widget-divider--element-align-left .elementor-divider-separator:before{content:none}.elementor-widget-divider--element-align-left .elementor-divider__element{margin-left:0}.elementor-widget-divider--element-align-right .elementor-divider .elementor-divider-separator>.elementor-divider__svg:last-of-type{flex-grow:0;flex-shrink:100}.elementor-widget-divider--element-align-right .elementor-divider-separator:after{content:none}.elementor-widget-divider--element-align-right .elementor-divider__element{margin-right:0}.elementor-widget-divider--element-align-start .elementor-divider .elementor-divider-separator>.elementor-divider__svg:first-of-type{flex-grow:0;flex-shrink:100}.elementor-widget-divider--element-align-start .elementor-divider-separator:before{content:none}.elementor-widget-divider--element-align-start .elementor-divider__element{margin-inline-start:0}.elementor-widget-divider--element-align-end .elementor-divider .elementor-divider-separator>.elementor-divider__svg:last-of-type{flex-grow:0;flex-shrink:100}.elementor-widget-divider--element-align-end .elementor-divider-separator:after{content:none}.elementor-widget-divider--element-align-end .elementor-divider__element{margin-inline-end:0}.elementor-widget-divider:not(.elementor-widget-divider--view-line_text):not(.elementor-widget-divider--view-line_icon) .elementor-divider-separator{border-block-start:var(--divider-border-width) var(--divider-border-style) var(--divider-color)}.elementor-widget-divider--separator-type-pattern{--divider-border-style:none}.elementor-widget-divider--separator-type-pattern.elementor-widget-divider--view-line .elementor-divider-separator,.elementor-widget-divider--separator-type-pattern:not(.elementor-widget-divider--view-line) .elementor-divider-separator:after,.elementor-widget-divider--separator-type-pattern:not(.elementor-widget-divider--view-line) .elementor-divider-separator:before,.elementor-widget-divider--separator-type-pattern:not([class*=elementor-widget-divider--view]) .elementor-divider-separator{width:100%;min-height:var(--divider-pattern-height);-webkit-mask-size:var(--divider-pattern-size) 100%;mask-size:var(--divider-pattern-size) 100%;-webkit-mask-repeat:var(--divider-pattern-repeat);mask-repeat:var(--divider-pattern-repeat);background-color:var(--divider-color);-webkit-mask-image:var(--divider-pattern-url);mask-image:var(--divider-pattern-url)}.elementor-widget-divider--no-spacing{--divider-pattern-size:auto}.elementor-widget-divider--bg-round{--divider-pattern-repeat:round}.rtl .elementor-widget-divider .elementor-divider__text{direction:rtl}.e-con-inner>.elementor-widget-divider,.e-con>.elementor-widget-divider{width:var(--container-widget-width,100%);--flex-grow:var(--container-widget-flex-grow)}<\/style>\t\t<div class=\"elementor-divider\">\n\t\t\t<span class=\"elementor-divider-separator\">\n\t\t\t\t\t\t<\/span>\n\t\t<\/div>\n\t\t\t\t<\/div>\n\t\t\t\t<\/div>\n\t\t\t\t\t<\/div>\n\t\t\t\t<\/div>\n\t\t\t\t<\/div>\n\t\t","protected":false},"excerpt":{"rendered":"<p>Nous contacter Un projet, une question ? L&#8217;envie d&#8217;en savoir plus ? Nous sommes \u00e0 votre \u00e9coute. Prenez directement RDV ci-apr\u00e8s, ou scannez le QR Code ci-dessous pour recueillir les coordonn\u00e9es t\u00e9l\u00e9phoniques et email.&nbsp;<\/p>\n","protected":false},"author":1,"featured_media":0,"parent":37,"menu_order":0,"comment_status":"closed","ping_status":"closed","template":"elementor_header_footer","meta":{"neve_meta_sidebar":"","neve_meta_container":"","neve_meta_enable_content_width":"","neve_meta_content_width":0,"neve_meta_title_alignment":"","neve_meta_author_avatar":"","neve_post_elements_order":"","neve_meta_disable_header":"","neve_meta_disable_footer":"","neve_meta_disable_title":"","neve_meta_reading_time":"","_ti_tpc_template_sync":false,"_ti_tpc_template_id":"","footnotes":""},"class_list":["post-17","page","type-page","status-publish","hentry"],"yoast_head":"<!-- This site is optimized with the Yoast SEO plugin v22.3 - https:\/\/yoast.com\/wordpress\/plugins\/seo\/ -->\n<title>Contact - On Behalf AI<\/title>\n<meta name=\"robots\" content=\"index, follow, max-snippet:-1, max-image-preview:large, max-video-preview:-1\" \/>\n<link rel=\"canonical\" href=\"https:\/\/onbehalf.ai\/index.php\/fr\/contact-us\/\" \/>\n<meta property=\"og:locale\" content=\"fr_FR\" \/>\n<meta property=\"og:type\" content=\"article\" \/>\n<meta property=\"og:title\" content=\"Contact - On Behalf AI\" \/>\n<meta property=\"og:description\" content=\"Nous contacter Un projet, une question ? L&#8217;envie d&#8217;en savoir plus ? Nous sommes \u00e0 votre \u00e9coute. Prenez directement RDV ci-apr\u00e8s, ou scannez le QR Code ci-dessous pour recueillir les coordonn\u00e9es t\u00e9l\u00e9phoniques et email.&nbsp;\" \/>\n<meta property=\"og:url\" content=\"https:\/\/onbehalf.ai\/index.php\/fr\/contact-us\/\" \/>\n<meta property=\"og:site_name\" content=\"On Behalf AI\" \/>\n<meta property=\"article:modified_time\" content=\"2024-03-29T12:53:57+00:00\" \/>\n<meta property=\"og:image\" content=\"https:\/\/onbehalf.ai\/wp-content\/uploads\/2024\/02\/QRCode.png\" \/>\n<meta name=\"twitter:card\" content=\"summary_large_image\" \/>\n<meta name=\"twitter:label1\" content=\"Dur\u00e9e de lecture estim\u00e9e\" \/>\n\t<meta name=\"twitter:data1\" content=\"1 minute\" \/>\n<script type=\"application\/ld+json\" class=\"yoast-schema-graph\">{\"@context\":\"https:\/\/schema.org\",\"@graph\":[{\"@type\":\"WebPage\",\"@id\":\"https:\/\/onbehalf.ai\/index.php\/fr\/contact-us\/\",\"url\":\"https:\/\/onbehalf.ai\/index.php\/fr\/contact-us\/\",\"name\":\"Contact - On Behalf AI\",\"isPartOf\":{\"@id\":\"https:\/\/onbehalf.ai\/#website\"},\"primaryImageOfPage\":{\"@id\":\"https:\/\/onbehalf.ai\/index.php\/fr\/contact-us\/#primaryimage\"},\"image\":{\"@id\":\"https:\/\/onbehalf.ai\/index.php\/fr\/contact-us\/#primaryimage\"},\"thumbnailUrl\":\"https:\/\/onbehalf.ai\/wp-content\/uploads\/2024\/02\/QRCode.png\",\"datePublished\":\"2023-12-21T12:21:49+00:00\",\"dateModified\":\"2024-03-29T12:53:57+00:00\",\"breadcrumb\":{\"@id\":\"https:\/\/onbehalf.ai\/index.php\/fr\/contact-us\/#breadcrumb\"},\"inLanguage\":\"fr-FR\",\"potentialAction\":[{\"@type\":\"ReadAction\",\"target\":[\"https:\/\/onbehalf.ai\/index.php\/fr\/contact-us\/\"]}]},{\"@type\":\"ImageObject\",\"inLanguage\":\"fr-FR\",\"@id\":\"https:\/\/onbehalf.ai\/index.php\/fr\/contact-us\/#primaryimage\",\"url\":\"https:\/\/onbehalf.ai\/wp-content\/uploads\/2024\/02\/QRCode.png\",\"contentUrl\":\"https:\/\/onbehalf.ai\/wp-content\/uploads\/2024\/02\/QRCode.png\",\"width\":379,\"height\":379},{\"@type\":\"BreadcrumbList\",\"@id\":\"https:\/\/onbehalf.ai\/index.php\/fr\/contact-us\/#breadcrumb\",\"itemListElement\":[{\"@type\":\"ListItem\",\"position\":1,\"name\":\"Accueil\",\"item\":\"https:\/\/onbehalf.ai\/\"},{\"@type\":\"ListItem\",\"position\":2,\"name\":\"On Behalf AI\",\"item\":\"https:\/\/onbehalf.ai\/\"},{\"@type\":\"ListItem\",\"position\":3,\"name\":\"Contact\"}]},{\"@type\":\"WebSite\",\"@id\":\"https:\/\/onbehalf.ai\/#website\",\"url\":\"https:\/\/onbehalf.ai\/\",\"name\":\"On Behalf AI\",\"description\":\"Conseil &amp; Op\u00e9rateur d&#039;IA\",\"publisher\":{\"@id\":\"https:\/\/onbehalf.ai\/#organization\"},\"potentialAction\":[{\"@type\":\"SearchAction\",\"target\":{\"@type\":\"EntryPoint\",\"urlTemplate\":\"https:\/\/onbehalf.ai\/?s={search_term_string}\"},\"query-input\":\"required name=search_term_string\"}],\"inLanguage\":\"fr-FR\"},{\"@type\":\"Organization\",\"@id\":\"https:\/\/onbehalf.ai\/#organization\",\"name\":\"On Behalf AI\",\"url\":\"https:\/\/onbehalf.ai\/\",\"logo\":{\"@type\":\"ImageObject\",\"inLanguage\":\"fr-FR\",\"@id\":\"https:\/\/onbehalf.ai\/#\/schema\/logo\/image\/\",\"url\":\"https:\/\/onbehalf.ai\/wp-content\/uploads\/2024\/01\/NEW_On_Behalf_LogoTitle_bigger_bottom_line-1.svg\",\"contentUrl\":\"https:\/\/onbehalf.ai\/wp-content\/uploads\/2024\/01\/NEW_On_Behalf_LogoTitle_bigger_bottom_line-1.svg\",\"width\":943,\"height\":215,\"caption\":\"On Behalf AI\"},\"image\":{\"@id\":\"https:\/\/onbehalf.ai\/#\/schema\/logo\/image\/\"}}]}<\/script>\n<!-- \/ Yoast SEO plugin. -->","yoast_head_json":{"title":"Contact - On Behalf AI","robots":{"index":"index","follow":"follow","max-snippet":"max-snippet:-1","max-image-preview":"max-image-preview:large","max-video-preview":"max-video-preview:-1"},"canonical":"https:\/\/onbehalf.ai\/index.php\/fr\/contact-us\/","og_locale":"fr_FR","og_type":"article","og_title":"Contact - On Behalf AI","og_description":"Nous contacter Un projet, une question ? L&#8217;envie d&#8217;en savoir plus ? Nous sommes \u00e0 votre \u00e9coute. Prenez directement RDV ci-apr\u00e8s, ou scannez le QR Code ci-dessous pour recueillir les coordonn\u00e9es t\u00e9l\u00e9phoniques et email.&nbsp;","og_url":"https:\/\/onbehalf.ai\/index.php\/fr\/contact-us\/","og_site_name":"On Behalf AI","article_modified_time":"2024-03-29T12:53:57+00:00","og_image":[{"url":"https:\/\/onbehalf.ai\/wp-content\/uploads\/2024\/02\/QRCode.png"}],"twitter_card":"summary_large_image","twitter_misc":{"Dur\u00e9e de lecture estim\u00e9e":"1 minute"},"schema":{"@context":"https:\/\/schema.org","@graph":[{"@type":"WebPage","@id":"https:\/\/onbehalf.ai\/index.php\/fr\/contact-us\/","url":"https:\/\/onbehalf.ai\/index.php\/fr\/contact-us\/","name":"Contact - On Behalf AI","isPartOf":{"@id":"https:\/\/onbehalf.ai\/#website"},"primaryImageOfPage":{"@id":"https:\/\/onbehalf.ai\/index.php\/fr\/contact-us\/#primaryimage"},"image":{"@id":"https:\/\/onbehalf.ai\/index.php\/fr\/contact-us\/#primaryimage"},"thumbnailUrl":"https:\/\/onbehalf.ai\/wp-content\/uploads\/2024\/02\/QRCode.png","datePublished":"2023-12-21T12:21:49+00:00","dateModified":"2024-03-29T12:53:57+00:00","breadcrumb":{"@id":"https:\/\/onbehalf.ai\/index.php\/fr\/contact-us\/#breadcrumb"},"inLanguage":"fr-FR","potentialAction":[{"@type":"ReadAction","target":["https:\/\/onbehalf.ai\/index.php\/fr\/contact-us\/"]}]},{"@type":"ImageObject","inLanguage":"fr-FR","@id":"https:\/\/onbehalf.ai\/index.php\/fr\/contact-us\/#primaryimage","url":"https:\/\/onbehalf.ai\/wp-content\/uploads\/2024\/02\/QRCode.png","contentUrl":"https:\/\/onbehalf.ai\/wp-content\/uploads\/2024\/02\/QRCode.png","width":379,"height":379},{"@type":"BreadcrumbList","@id":"https:\/\/onbehalf.ai\/index.php\/fr\/contact-us\/#breadcrumb","itemListElement":[{"@type":"ListItem","position":1,"name":"Accueil","item":"https:\/\/onbehalf.ai\/"},{"@type":"ListItem","position":2,"name":"On Behalf AI","item":"https:\/\/onbehalf.ai\/"},{"@type":"ListItem","position":3,"name":"Contact"}]},{"@type":"WebSite","@id":"https:\/\/onbehalf.ai\/#website","url":"https:\/\/onbehalf.ai\/","name":"On Behalf AI","description":"Conseil &amp; Op\u00e9rateur d&#039;IA","publisher":{"@id":"https:\/\/onbehalf.ai\/#organization"},"potentialAction":[{"@type":"SearchAction","target":{"@type":"EntryPoint","urlTemplate":"https:\/\/onbehalf.ai\/?s={search_term_string}"},"query-input":"required name=search_term_string"}],"inLanguage":"fr-FR"},{"@type":"Organization","@id":"https:\/\/onbehalf.ai\/#organization","name":"On Behalf AI","url":"https:\/\/onbehalf.ai\/","logo":{"@type":"ImageObject","inLanguage":"fr-FR","@id":"https:\/\/onbehalf.ai\/#\/schema\/logo\/image\/","url":"https:\/\/onbehalf.ai\/wp-content\/uploads\/2024\/01\/NEW_On_Behalf_LogoTitle_bigger_bottom_line-1.svg","contentUrl":"https:\/\/onbehalf.ai\/wp-content\/uploads\/2024\/01\/NEW_On_Behalf_LogoTitle_bigger_bottom_line-1.svg","width":943,"height":215,"caption":"On Behalf AI"},"image":{"@id":"https:\/\/onbehalf.ai\/#\/schema\/logo\/image\/"}}]}},"_links":{"self":[{"href":"https:\/\/onbehalf.ai\/index.php\/wp-json\/wp\/v2\/pages\/17","targetHints":{"allow":["GET"]}}],"collection":[{"href":"https:\/\/onbehalf.ai\/index.php\/wp-json\/wp\/v2\/pages"}],"about":[{"href":"https:\/\/onbehalf.ai\/index.php\/wp-json\/wp\/v2\/types\/page"}],"author":[{"embeddable":true,"href":"https:\/\/onbehalf.ai\/index.php\/wp-json\/wp\/v2\/users\/1"}],"replies":[{"embeddable":true,"href":"https:\/\/onbehalf.ai\/index.php\/wp-json\/wp\/v2\/comments?post=17"}],"version-history":[{"count":138,"href":"https:\/\/onbehalf.ai\/index.php\/wp-json\/wp\/v2\/pages\/17\/revisions"}],"predecessor-version":[{"id":1765,"href":"https:\/\/onbehalf.ai\/index.php\/wp-json\/wp\/v2\/pages\/17\/revisions\/1765"}],"up":[{"embeddable":true,"href":"https:\/\/onbehalf.ai\/index.php\/wp-json\/wp\/v2\/pages\/37"}],"wp:attachment":[{"href":"https:\/\/onbehalf.ai\/index.php\/wp-json\/wp\/v2\/media?parent=17"}],"curies":[{"name":"wp","href":"https:\/\/api.w.org\/{rel}","templated":true}]}}