{"id":2,"date":"2023-12-21T13:13:15","date_gmt":"2023-12-21T12:13:15","guid":{"rendered":"http:\/\/operaif.cluster029.hosting.ovh.net\/?page_id=2"},"modified":"2024-03-29T13:54:52","modified_gmt":"2024-03-29T12:54:52","slug":"cookie-policy","status":"publish","type":"page","link":"https:\/\/onbehalf.ai\/index.php\/fr\/cookie-policy\/","title":{"rendered":"Politique-utilisation-cookies"},"content":{"rendered":"\t\t<div data-elementor-type=\"wp-page\" data-elementor-id=\"2\" class=\"elementor elementor-2\" data-elementor-post-type=\"page\">\n\t\t\t\t<div class=\"elementor-element elementor-element-37ca159 e-flex e-con-boxed e-con e-parent\" data-id=\"37ca159\" data-element_type=\"container\">\n\t\t\t\t\t<div class=\"e-con-inner\">\n\t\t\t\t<div class=\"elementor-element elementor-element-1de9580 elementor-widget elementor-widget-heading\" data-id=\"1de9580\" data-element_type=\"widget\" data-widget_type=\"heading.default\">\n\t\t\t\t<div class=\"elementor-widget-container\">\n\t\t\t<style>\/*! elementor - v3.21.0 - 26-05-2024 *\/\n.elementor-heading-title{padding:0;margin:0;line-height:1}.elementor-widget-heading .elementor-heading-title[class*=elementor-size-]>a{color:inherit;font-size:inherit;line-height:inherit}.elementor-widget-heading .elementor-heading-title.elementor-size-small{font-size:15px}.elementor-widget-heading .elementor-heading-title.elementor-size-medium{font-size:19px}.elementor-widget-heading .elementor-heading-title.elementor-size-large{font-size:29px}.elementor-widget-heading .elementor-heading-title.elementor-size-xl{font-size:39px}.elementor-widget-heading .elementor-heading-title.elementor-size-xxl{font-size:59px}<\/style><h2 class=\"elementor-heading-title elementor-size-default\">Politique d'utilisation des Cookies<\/h2>\t\t<\/div>\n\t\t\t\t<\/div>\n\t\t\t\t\t<\/div>\n\t\t\t\t<\/div>\n\t\t<div class=\"elementor-element elementor-element-794f76a2 e-flex e-con-boxed e-con e-parent\" data-id=\"794f76a2\" data-element_type=\"container\">\n\t\t\t\t\t<div class=\"e-con-inner\">\n\t\t\t\t<div class=\"elementor-element elementor-element-6593856e elementor-widget elementor-widget-text-editor\" data-id=\"6593856e\" data-element_type=\"widget\" data-widget_type=\"text-editor.default\">\n\t\t\t\t<div class=\"elementor-widget-container\">\n\t\t\t<style>\/*! elementor - v3.21.0 - 26-05-2024 *\/\n.elementor-widget-text-editor.elementor-drop-cap-view-stacked .elementor-drop-cap{background-color:#69727d;color:#fff}.elementor-widget-text-editor.elementor-drop-cap-view-framed .elementor-drop-cap{color:#69727d;border:3px solid;background-color:transparent}.elementor-widget-text-editor:not(.elementor-drop-cap-view-default) .elementor-drop-cap{margin-top:8px}.elementor-widget-text-editor:not(.elementor-drop-cap-view-default) .elementor-drop-cap-letter{width:1em;height:1em}.elementor-widget-text-editor .elementor-drop-cap{float:left;text-align:center;line-height:1;font-size:50px}.elementor-widget-text-editor .elementor-drop-cap-letter{display:inline-block}<\/style>\t\t\t\t<p><!-- wp:paragraph --><\/p>\n<p class=\"mb-2 whitespace-pre-wrap\">Derni\u00e8re mise \u00e0 jour: 31\/01\/2024<\/p>\n<p class=\"mb-2 whitespace-pre-wrap\">Nous utilisons des cookies pour am\u00e9liorer l&#8217;exp\u00e9rience utilisateur sur notre site web &#8220;On behalf AI&#8221;. En continuant \u00e0 naviguer sur ce site, vous acceptez notre utilisation des cookies conform\u00e9ment \u00e0 la pr\u00e9sente politique.<\/p>\n<p class=\"mb-2 whitespace-pre-wrap\">Qu&#8217;est-ce qu&#8217;un cookie ? Un cookie est un petit fichier texte stock\u00e9 sur l&#8217;ordinateur d&#8217;un utilisateur pour aider le site web \u00e0 analyser comment les utilisateurs interagissent avec le site. Les cookies peuvent \u00eatre utilis\u00e9s pour suivre les pr\u00e9f\u00e9rences des utilisateurs et am\u00e9liorer leur exp\u00e9rience de navigation.<\/p>\n<p class=\"mb-2 whitespace-pre-wrap\">Types de cookies utilis\u00e9s Nous utilisons les types de cookies suivants sur notre site web &#8220;On behalf AI&#8221; :<\/p>\n<ul>\n<li>\n<p class=\"mb-2 whitespace-pre-wrap\">Cookies essentiels: Ces cookies sont n\u00e9cessaires au bon fonctionnement du site web. Ils vous permettent de naviguer sur le site et d&#8217;utiliser ses fonctionnalit\u00e9s de base.<\/p>\n<\/li>\n<li>\n<p class=\"mb-2 whitespace-pre-wrap\">Cookies de performance: Ces cookies nous aident \u00e0 comprendre comment les visiteurs interagissent avec le site en recueillant et signalant des informations. Cela nous permet d&#8217;am\u00e9liorer constamment notre site pour offrir une meilleure exp\u00e9rience utilisateur.<\/p>\n<\/li>\n<li>\n<p class=\"mb-2 whitespace-pre-wrap\">Cookies de fonctionnalit\u00e9: Ces cookies permettent au site web de se souvenir des choix que vous faites et fournissent des fonctionnalit\u00e9s am\u00e9lior\u00e9es et personnalis\u00e9es. Par exemple, ces cookies peuvent se souvenir de votre nom d&#8217;utilisateur ou de la r\u00e9gion dans laquelle vous vous trouvez.<\/p>\n<\/li>\n<li>\n<p class=\"mb-2 whitespace-pre-wrap\">Cookies tiers: Nous pouvons \u00e9galement utiliser des cookies de tiers pour suivre et analyser les interactions des utilisateurs avec notre site. Ces cookies peuvent \u00eatre utilis\u00e9s pour afficher des publicit\u00e9s cibl\u00e9es ou pour fournir du contenu personnalis\u00e9.<\/p>\n<\/li>\n<\/ul>\n<p class=\"mb-2 whitespace-pre-wrap\">Contr\u00f4le des cookies Vous avez le contr\u00f4le total sur les cookies que nous utilisons sur notre site web &#8220;On behalf AI&#8221;. Vous pouvez modifier vos pr\u00e9f\u00e9rences de cookies \u00e0 tout moment en modifiant les param\u00e8tres de votre navigateur. Veuillez noter que la d\u00e9sactivation des cookies peut affecter certaines fonctionnalit\u00e9s de notre site et limiter votre exp\u00e9rience.<\/p>\n<p class=\"mb-2 whitespace-pre-wrap\">Nous pouvons mettre \u00e0 jour cette politique d&#8217;utilisation des cookies \u00e0 tout moment en publiant une version r\u00e9vis\u00e9e sur notre site web. Nous vous recommandons de consulter r\u00e9guli\u00e8rement cette page pour rester inform\u00e9 des derni\u00e8res mises \u00e0 jour.<\/p>\n<p class=\"mb-2 whitespace-pre-wrap\">Si vous avez des questions ou des pr\u00e9occupations concernant notre utilisation des cookies, veuillez nous contacter \u00e0 l&#8217;adresse suivante:\u00a0<\/p>\n<p class=\"mb-2 whitespace-pre-wrap\"><img decoding=\"async\" class=\"alignnone size-full wp-image-722\" src=\"https:\/\/onbehalf.ai\/wp-content\/uploads\/2024\/02\/1.png\" alt=\"\" width=\"167\" height=\"12\" srcset=\"https:\/\/onbehalf.ai\/wp-content\/uploads\/2024\/02\/1.png 167w, https:\/\/onbehalf.ai\/wp-content\/uploads\/2024\/02\/1-150x12.png 150w\" sizes=\"(max-width: 167px) 100vw, 167px\" \/><\/p>\n<p class=\"mb-2 whitespace-pre-wrap\">En utilisant notre site web &#8220;on behalf AI&#8221;, vous consentez \u00e0 notre utilisation des cookies conform\u00e9ment \u00e0 la pr\u00e9sente politique.<\/p>\n<p><!-- \/wp:paragraph --><\/p>\t\t\t\t\t\t<\/div>\n\t\t\t\t<\/div>\n\t\t\t\t\t<\/div>\n\t\t\t\t<\/div>\n\t\t\t\t<\/div>\n\t\t","protected":false},"excerpt":{"rendered":"<p>Politique d&#8217;utilisation des Cookies Derni\u00e8re mise \u00e0 jour: 31\/01\/2024 Nous utilisons des cookies pour am\u00e9liorer l&#8217;exp\u00e9rience utilisateur sur notre site web &#8220;On behalf AI&#8221;. En continuant \u00e0 naviguer sur ce site, vous acceptez notre utilisation des cookies conform\u00e9ment \u00e0 la pr\u00e9sente politique. Qu&#8217;est-ce qu&#8217;un cookie ? Un cookie est un petit fichier texte stock\u00e9 sur&hellip;&nbsp;<\/p>\n<div class=\"read-more-wrapper\"><a href=\"https:\/\/onbehalf.ai\/index.php\/fr\/cookie-policy\/\" class=\"button button-primary\" rel=\"bookmark\">Lire la suite &raquo;<span class=\"screen-reader-text\">Politique-utilisation-cookies<\/span><\/a><\/div>\n","protected":false},"author":1,"featured_media":0,"parent":37,"menu_order":0,"comment_status":"closed","ping_status":"closed","template":"","meta":{"neve_meta_sidebar":"","neve_meta_container":"","neve_meta_enable_content_width":"","neve_meta_content_width":0,"neve_meta_title_alignment":"","neve_meta_author_avatar":"","neve_post_elements_order":"","neve_meta_disable_header":"","neve_meta_disable_footer":"","neve_meta_disable_title":"","neve_meta_reading_time":"","_ti_tpc_template_sync":false,"_ti_tpc_template_id":"","footnotes":""},"class_list":["post-2","page","type-page","status-publish","hentry"],"yoast_head":"<!-- This site is optimized with the Yoast SEO plugin v22.3 - https:\/\/yoast.com\/wordpress\/plugins\/seo\/ -->\n<title>Politique-utilisation-cookies - On Behalf AI<\/title>\n<meta name=\"robots\" content=\"index, follow, max-snippet:-1, max-image-preview:large, max-video-preview:-1\" \/>\n<link rel=\"canonical\" href=\"https:\/\/onbehalf.ai\/index.php\/fr\/cookie-policy\/\" \/>\n<meta property=\"og:locale\" content=\"fr_FR\" \/>\n<meta property=\"og:type\" content=\"article\" \/>\n<meta property=\"og:title\" content=\"Politique-utilisation-cookies - On Behalf AI\" \/>\n<meta property=\"og:description\" content=\"Politique d&#8217;utilisation des Cookies Derni\u00e8re mise \u00e0 jour: 31\/01\/2024 Nous utilisons des cookies pour am\u00e9liorer l&#8217;exp\u00e9rience utilisateur sur notre site web &#8220;On behalf AI&#8221;. En continuant \u00e0 naviguer sur ce site, vous acceptez notre utilisation des cookies conform\u00e9ment \u00e0 la pr\u00e9sente politique. Qu&#8217;est-ce qu&#8217;un cookie ? Un cookie est un petit fichier texte stock\u00e9 sur&hellip;&nbsp;Lire la suite &raquo;Politique-utilisation-cookies\" \/>\n<meta property=\"og:url\" content=\"https:\/\/onbehalf.ai\/index.php\/fr\/cookie-policy\/\" \/>\n<meta property=\"og:site_name\" content=\"On Behalf AI\" \/>\n<meta property=\"article:modified_time\" content=\"2024-03-29T12:54:52+00:00\" \/>\n<meta property=\"og:image\" content=\"https:\/\/onbehalf.ai\/wp-content\/uploads\/2024\/02\/1.png\" \/>\n<meta name=\"twitter:card\" content=\"summary_large_image\" \/>\n<meta name=\"twitter:label1\" content=\"Dur\u00e9e de lecture estim\u00e9e\" \/>\n\t<meta name=\"twitter:data1\" content=\"3 minutes\" \/>\n<script type=\"application\/ld+json\" class=\"yoast-schema-graph\">{\"@context\":\"https:\/\/schema.org\",\"@graph\":[{\"@type\":\"WebPage\",\"@id\":\"https:\/\/onbehalf.ai\/index.php\/fr\/cookie-policy\/\",\"url\":\"https:\/\/onbehalf.ai\/index.php\/fr\/cookie-policy\/\",\"name\":\"Politique-utilisation-cookies - On Behalf AI\",\"isPartOf\":{\"@id\":\"https:\/\/onbehalf.ai\/#website\"},\"primaryImageOfPage\":{\"@id\":\"https:\/\/onbehalf.ai\/index.php\/fr\/cookie-policy\/#primaryimage\"},\"image\":{\"@id\":\"https:\/\/onbehalf.ai\/index.php\/fr\/cookie-policy\/#primaryimage\"},\"thumbnailUrl\":\"https:\/\/onbehalf.ai\/wp-content\/uploads\/2024\/02\/1.png\",\"datePublished\":\"2023-12-21T12:13:15+00:00\",\"dateModified\":\"2024-03-29T12:54:52+00:00\",\"breadcrumb\":{\"@id\":\"https:\/\/onbehalf.ai\/index.php\/fr\/cookie-policy\/#breadcrumb\"},\"inLanguage\":\"fr-FR\",\"potentialAction\":[{\"@type\":\"ReadAction\",\"target\":[\"https:\/\/onbehalf.ai\/index.php\/fr\/cookie-policy\/\"]}]},{\"@type\":\"ImageObject\",\"inLanguage\":\"fr-FR\",\"@id\":\"https:\/\/onbehalf.ai\/index.php\/fr\/cookie-policy\/#primaryimage\",\"url\":\"https:\/\/onbehalf.ai\/wp-content\/uploads\/2024\/02\/1.png\",\"contentUrl\":\"https:\/\/onbehalf.ai\/wp-content\/uploads\/2024\/02\/1.png\",\"width\":167,\"height\":12},{\"@type\":\"BreadcrumbList\",\"@id\":\"https:\/\/onbehalf.ai\/index.php\/fr\/cookie-policy\/#breadcrumb\",\"itemListElement\":[{\"@type\":\"ListItem\",\"position\":1,\"name\":\"Accueil\",\"item\":\"https:\/\/onbehalf.ai\/\"},{\"@type\":\"ListItem\",\"position\":2,\"name\":\"On Behalf AI\",\"item\":\"https:\/\/onbehalf.ai\/\"},{\"@type\":\"ListItem\",\"position\":3,\"name\":\"Politique-utilisation-cookies\"}]},{\"@type\":\"WebSite\",\"@id\":\"https:\/\/onbehalf.ai\/#website\",\"url\":\"https:\/\/onbehalf.ai\/\",\"name\":\"On Behalf AI\",\"description\":\"Conseil &amp; Op\u00e9rateur d&#039;IA\",\"publisher\":{\"@id\":\"https:\/\/onbehalf.ai\/#organization\"},\"potentialAction\":[{\"@type\":\"SearchAction\",\"target\":{\"@type\":\"EntryPoint\",\"urlTemplate\":\"https:\/\/onbehalf.ai\/?s={search_term_string}\"},\"query-input\":\"required name=search_term_string\"}],\"inLanguage\":\"fr-FR\"},{\"@type\":\"Organization\",\"@id\":\"https:\/\/onbehalf.ai\/#organization\",\"name\":\"On Behalf AI\",\"url\":\"https:\/\/onbehalf.ai\/\",\"logo\":{\"@type\":\"ImageObject\",\"inLanguage\":\"fr-FR\",\"@id\":\"https:\/\/onbehalf.ai\/#\/schema\/logo\/image\/\",\"url\":\"https:\/\/onbehalf.ai\/wp-content\/uploads\/2024\/01\/NEW_On_Behalf_LogoTitle_bigger_bottom_line-1.svg\",\"contentUrl\":\"https:\/\/onbehalf.ai\/wp-content\/uploads\/2024\/01\/NEW_On_Behalf_LogoTitle_bigger_bottom_line-1.svg\",\"width\":943,\"height\":215,\"caption\":\"On Behalf AI\"},\"image\":{\"@id\":\"https:\/\/onbehalf.ai\/#\/schema\/logo\/image\/\"}}]}<\/script>\n<!-- \/ Yoast SEO plugin. -->","yoast_head_json":{"title":"Politique-utilisation-cookies - On Behalf AI","robots":{"index":"index","follow":"follow","max-snippet":"max-snippet:-1","max-image-preview":"max-image-preview:large","max-video-preview":"max-video-preview:-1"},"canonical":"https:\/\/onbehalf.ai\/index.php\/fr\/cookie-policy\/","og_locale":"fr_FR","og_type":"article","og_title":"Politique-utilisation-cookies - On Behalf AI","og_description":"Politique d&#8217;utilisation des Cookies Derni\u00e8re mise \u00e0 jour: 31\/01\/2024 Nous utilisons des cookies pour am\u00e9liorer l&#8217;exp\u00e9rience utilisateur sur notre site web &#8220;On behalf AI&#8221;. En continuant \u00e0 naviguer sur ce site, vous acceptez notre utilisation des cookies conform\u00e9ment \u00e0 la pr\u00e9sente politique. Qu&#8217;est-ce qu&#8217;un cookie ? Un cookie est un petit fichier texte stock\u00e9 sur&hellip;&nbsp;Lire la suite &raquo;Politique-utilisation-cookies","og_url":"https:\/\/onbehalf.ai\/index.php\/fr\/cookie-policy\/","og_site_name":"On Behalf AI","article_modified_time":"2024-03-29T12:54:52+00:00","og_image":[{"url":"https:\/\/onbehalf.ai\/wp-content\/uploads\/2024\/02\/1.png"}],"twitter_card":"summary_large_image","twitter_misc":{"Dur\u00e9e de lecture estim\u00e9e":"3 minutes"},"schema":{"@context":"https:\/\/schema.org","@graph":[{"@type":"WebPage","@id":"https:\/\/onbehalf.ai\/index.php\/fr\/cookie-policy\/","url":"https:\/\/onbehalf.ai\/index.php\/fr\/cookie-policy\/","name":"Politique-utilisation-cookies - On Behalf AI","isPartOf":{"@id":"https:\/\/onbehalf.ai\/#website"},"primaryImageOfPage":{"@id":"https:\/\/onbehalf.ai\/index.php\/fr\/cookie-policy\/#primaryimage"},"image":{"@id":"https:\/\/onbehalf.ai\/index.php\/fr\/cookie-policy\/#primaryimage"},"thumbnailUrl":"https:\/\/onbehalf.ai\/wp-content\/uploads\/2024\/02\/1.png","datePublished":"2023-12-21T12:13:15+00:00","dateModified":"2024-03-29T12:54:52+00:00","breadcrumb":{"@id":"https:\/\/onbehalf.ai\/index.php\/fr\/cookie-policy\/#breadcrumb"},"inLanguage":"fr-FR","potentialAction":[{"@type":"ReadAction","target":["https:\/\/onbehalf.ai\/index.php\/fr\/cookie-policy\/"]}]},{"@type":"ImageObject","inLanguage":"fr-FR","@id":"https:\/\/onbehalf.ai\/index.php\/fr\/cookie-policy\/#primaryimage","url":"https:\/\/onbehalf.ai\/wp-content\/uploads\/2024\/02\/1.png","contentUrl":"https:\/\/onbehalf.ai\/wp-content\/uploads\/2024\/02\/1.png","width":167,"height":12},{"@type":"BreadcrumbList","@id":"https:\/\/onbehalf.ai\/index.php\/fr\/cookie-policy\/#breadcrumb","itemListElement":[{"@type":"ListItem","position":1,"name":"Accueil","item":"https:\/\/onbehalf.ai\/"},{"@type":"ListItem","position":2,"name":"On Behalf AI","item":"https:\/\/onbehalf.ai\/"},{"@type":"ListItem","position":3,"name":"Politique-utilisation-cookies"}]},{"@type":"WebSite","@id":"https:\/\/onbehalf.ai\/#website","url":"https:\/\/onbehalf.ai\/","name":"On Behalf AI","description":"Conseil &amp; Op\u00e9rateur d&#039;IA","publisher":{"@id":"https:\/\/onbehalf.ai\/#organization"},"potentialAction":[{"@type":"SearchAction","target":{"@type":"EntryPoint","urlTemplate":"https:\/\/onbehalf.ai\/?s={search_term_string}"},"query-input":"required name=search_term_string"}],"inLanguage":"fr-FR"},{"@type":"Organization","@id":"https:\/\/onbehalf.ai\/#organization","name":"On Behalf AI","url":"https:\/\/onbehalf.ai\/","logo":{"@type":"ImageObject","inLanguage":"fr-FR","@id":"https:\/\/onbehalf.ai\/#\/schema\/logo\/image\/","url":"https:\/\/onbehalf.ai\/wp-content\/uploads\/2024\/01\/NEW_On_Behalf_LogoTitle_bigger_bottom_line-1.svg","contentUrl":"https:\/\/onbehalf.ai\/wp-content\/uploads\/2024\/01\/NEW_On_Behalf_LogoTitle_bigger_bottom_line-1.svg","width":943,"height":215,"caption":"On Behalf AI"},"image":{"@id":"https:\/\/onbehalf.ai\/#\/schema\/logo\/image\/"}}]}},"_links":{"self":[{"href":"https:\/\/onbehalf.ai\/index.php\/wp-json\/wp\/v2\/pages\/2","targetHints":{"allow":["GET"]}}],"collection":[{"href":"https:\/\/onbehalf.ai\/index.php\/wp-json\/wp\/v2\/pages"}],"about":[{"href":"https:\/\/onbehalf.ai\/index.php\/wp-json\/wp\/v2\/types\/page"}],"author":[{"embeddable":true,"href":"https:\/\/onbehalf.ai\/index.php\/wp-json\/wp\/v2\/users\/1"}],"replies":[{"embeddable":true,"href":"https:\/\/onbehalf.ai\/index.php\/wp-json\/wp\/v2\/comments?post=2"}],"version-history":[{"count":7,"href":"https:\/\/onbehalf.ai\/index.php\/wp-json\/wp\/v2\/pages\/2\/revisions"}],"predecessor-version":[{"id":731,"href":"https:\/\/onbehalf.ai\/index.php\/wp-json\/wp\/v2\/pages\/2\/revisions\/731"}],"up":[{"embeddable":true,"href":"https:\/\/onbehalf.ai\/index.php\/wp-json\/wp\/v2\/pages\/37"}],"wp:attachment":[{"href":"https:\/\/onbehalf.ai\/index.php\/wp-json\/wp\/v2\/media?parent=2"}],"curies":[{"name":"wp","href":"https:\/\/api.w.org\/{rel}","templated":true}]}}