{"id":62,"date":"2024-02-05T23:26:50","date_gmt":"2024-02-05T22:26:50","guid":{"rendered":"https:\/\/operaif.cluster029.hosting.ovh.net\/?page_id=62"},"modified":"2024-03-29T13:54:08","modified_gmt":"2024-03-29T12:54:08","slug":"legal-mentions","status":"publish","type":"page","link":"https:\/\/onbehalf.ai\/index.php\/fr\/legal-mentions\/","title":{"rendered":"Mentions l\u00e9gales"},"content":{"rendered":"\t\t<div data-elementor-type=\"wp-page\" data-elementor-id=\"62\" class=\"elementor elementor-62\" data-elementor-post-type=\"page\">\n\t\t\t\t<div class=\"elementor-element elementor-element-4ff8296e e-flex e-con-boxed e-con e-parent\" data-id=\"4ff8296e\" data-element_type=\"container\">\n\t\t\t\t\t<div class=\"e-con-inner\">\n\t\t\t\t<div class=\"elementor-element elementor-element-def7d32 elementor-widget elementor-widget-text-editor\" data-id=\"def7d32\" data-element_type=\"widget\" data-widget_type=\"text-editor.default\">\n\t\t\t\t<div class=\"elementor-widget-container\">\n\t\t\t<style>\/*! elementor - v3.21.0 - 26-05-2024 *\/\n.elementor-widget-text-editor.elementor-drop-cap-view-stacked .elementor-drop-cap{background-color:#69727d;color:#fff}.elementor-widget-text-editor.elementor-drop-cap-view-framed .elementor-drop-cap{color:#69727d;border:3px solid;background-color:transparent}.elementor-widget-text-editor:not(.elementor-drop-cap-view-default) .elementor-drop-cap{margin-top:8px}.elementor-widget-text-editor:not(.elementor-drop-cap-view-default) .elementor-drop-cap-letter{width:1em;height:1em}.elementor-widget-text-editor .elementor-drop-cap{float:left;text-align:center;line-height:1;font-size:50px}.elementor-widget-text-editor .elementor-drop-cap-letter{display:inline-block}<\/style>\t\t\t\t<!-- wp:paragraph -->\n<h2>Mentions l\u00e9gales<\/h2>\n<!-- \/wp:paragraph --><!-- wp:paragraph -->\n<p class=\"mb-2 whitespace-pre-wrap\">Bienvenue sur le site web &#8220;On Behalf AI&#8221;. En utilisant ce site, vous acceptez de vous conformer aux conditions d&#8217;utilisation \u00e9nonc\u00e9es ci-dessous. Si vous n&#8217;acceptez pas ces conditions, veuillez ne pas utiliser ce site.<\/p>\n<h4 class=\"mb-2 whitespace-pre-wrap\">Editeur du site<\/h4>\n<p class=\"mb-2 whitespace-pre-wrap\">Raison sociale : On Behalf AI \/ Adresse : <img decoding=\"async\" class=\"alignnone size-medium wp-image-723\" src=\"https:\/\/onbehalf.ai\/wp-content\/uploads\/2024\/02\/2-300x13.png\" alt=\"\" width=\"300\" height=\"13\" srcset=\"https:\/\/onbehalf.ai\/wp-content\/uploads\/2024\/02\/2-300x13.png 300w, https:\/\/onbehalf.ai\/wp-content\/uploads\/2024\/02\/2.png 383w\" sizes=\"(max-width: 300px) 100vw, 300px\" \/> \/\u00a0 E-mail : <img decoding=\"async\" class=\"alignnone size-full wp-image-722\" src=\"https:\/\/onbehalf.ai\/wp-content\/uploads\/2024\/02\/1.png\" alt=\"\" width=\"167\" height=\"12\" srcset=\"https:\/\/onbehalf.ai\/wp-content\/uploads\/2024\/02\/1.png 167w, https:\/\/onbehalf.ai\/wp-content\/uploads\/2024\/02\/1-150x12.png 150w\" sizes=\"(max-width: 167px) 100vw, 167px\" \/> \/ Directeur de publication : Damien Juillard \/ H\u00e9bergeur : OVHCloud \/ Adresse de l&#8217;h\u00e9bergeur : 2, rue Kellermann, 59100 Roubaix \/ T\u00e9l\u00e9phone de l&#8217;h\u00e9bergeur : 10 07<\/p>\n<h4 class=\"mb-2 whitespace-pre-wrap\">Propri\u00e9t\u00e9 intellectuelle<\/h4>\n<p class=\"mb-2 whitespace-pre-wrap\">Le contenu de ce site web, y compris mais sans s&#8217;y limiter le texte, les images, les logos et les \u00e9l\u00e9ments graphiques, est la propri\u00e9t\u00e9 exclusive de &#8220;On Behalf AI&#8221; ou de ses partenaires et est prot\u00e9g\u00e9 par les lois sur la propri\u00e9t\u00e9 intellectuelle. Toute reproduction, repr\u00e9sentation, modification, distribution ou diffusion de tout ou partie de ce contenu sans autorisation pr\u00e9alable \u00e9crite est strictement interdite.<\/p>\n<h4 class=\"mb-2 whitespace-pre-wrap\">Protection des donn\u00e9es personnelles<\/h4>\n<p class=\"mb-2 whitespace-pre-wrap\">&#8220;On Behalf AI&#8221; s&#8217;engage \u00e0 respecter la confidentialit\u00e9 et la protection des donn\u00e9es personnelles des utilisateurs de son site web. Pour plus d&#8217;informations sur notre politique en mati\u00e8re de protection des donn\u00e9es personnelles, veuillez consulter notre politique de confidentialit\u00e9.<\/p>\n<h4 class=\"mb-2 whitespace-pre-wrap\">Liens vers des sites tiers<\/h4>\n<p class=\"mb-2 whitespace-pre-wrap\">Ce site peut contenir des liens vers des sites web de tiers. &#8220;On Behalf AI&#8221; n&#8217;est pas responsable du contenu de ces sites web ou des pratiques en mati\u00e8re de confidentialit\u00e9 de ces tiers. L&#8217;utilisation de ces liens est \u00e0 vos propres risques.<\/p>\n<h4 class=\"mb-2 whitespace-pre-wrap\">Limitation de responsabilit\u00e9<\/h4>\n<p class=\"mb-2 whitespace-pre-wrap\">&#8220;On Behalf AI&#8221; s&#8217;efforce de fournir des informations exactes et \u00e0 jour sur ce site web, mais ne peut garantir l&#8217;exactitude, l&#8217;exhaustivit\u00e9 ou la pertinence de ces informations. En utilisant ce site, vous reconnaissez et acceptez que &#8220;On Behalf AI&#8221; ne peut \u00eatre tenu responsable de tout dommage, direct ou indirect, d\u00e9coulant de votre acc\u00e8s ou utilisation de ce site.<\/p>\n<h4 class=\"mb-2 whitespace-pre-wrap\">Droits applicables<\/h4>\n<p class=\"mb-2 whitespace-pre-wrap\">Les pr\u00e9sentes mentions l\u00e9gales sont r\u00e9gies par les lois en vigueur en France. Tout litige relatif \u00e0 l&#8217;utilisation de ce site web sera soumis \u00e0 la comp\u00e9tence exclusive des tribunaux comp\u00e9tents de Paris.<\/p>\n<p class=\"mb-2 whitespace-pre-wrap\">Nous nous r\u00e9servons le droit de modifier ces mentions l\u00e9gales \u00e0 tout moment. Nous vous recommandons de consulter r\u00e9guli\u00e8rement cette page pour rester inform\u00e9 des derni\u00e8res mises \u00e0 jour.<\/p>\n<p class=\"mb-2 whitespace-pre-wrap\">Si vous avez des questions ou des pr\u00e9occupations concernant nos mentions l\u00e9gales, veuillez nous contacter \u00e0 l&#8217;adresse suivante : contact arobase onbehalf.ai.<\/p>\n<p class=\"mb-2 whitespace-pre-wrap\">En utilisant notre site web &#8220;On Behalf AI&#8221;, vous consentez \u00e0 nos mentions l\u00e9gales conform\u00e9ment aux dispositions \u00e9nonc\u00e9es ci-dessus.<\/p>\n<!-- \/wp:paragraph -->\t\t\t\t\t\t<\/div>\n\t\t\t\t<\/div>\n\t\t\t\t\t<\/div>\n\t\t\t\t<\/div>\n\t\t\t\t<\/div>\n\t\t","protected":false},"excerpt":{"rendered":"<p>Mentions l\u00e9gales Bienvenue sur le site web &#8220;On Behalf AI&#8221;. En utilisant ce site, vous acceptez de vous conformer aux conditions d&#8217;utilisation \u00e9nonc\u00e9es ci-dessous. Si vous n&#8217;acceptez pas ces conditions, veuillez ne pas utiliser ce site. Editeur du site Raison sociale : On Behalf AI \/ Adresse : \/\u00a0 E-mail : \/ Directeur de publication&hellip;&nbsp;<\/p>\n<div class=\"read-more-wrapper\"><a href=\"https:\/\/onbehalf.ai\/index.php\/fr\/legal-mentions\/\" class=\"button button-primary\" rel=\"bookmark\">Lire la suite &raquo;<span class=\"screen-reader-text\">Mentions l\u00e9gales<\/span><\/a><\/div>\n","protected":false},"author":1,"featured_media":0,"parent":37,"menu_order":0,"comment_status":"closed","ping_status":"closed","template":"","meta":{"neve_meta_sidebar":"","neve_meta_container":"","neve_meta_enable_content_width":"","neve_meta_content_width":0,"neve_meta_title_alignment":"","neve_meta_author_avatar":"","neve_post_elements_order":"","neve_meta_disable_header":"","neve_meta_disable_footer":"","neve_meta_disable_title":"","neve_meta_reading_time":"","_ti_tpc_template_sync":false,"_ti_tpc_template_id":"","footnotes":""},"class_list":["post-62","page","type-page","status-publish","hentry"],"yoast_head":"<!-- This site is optimized with the Yoast SEO plugin v22.3 - https:\/\/yoast.com\/wordpress\/plugins\/seo\/ -->\n<title>Mentions l\u00e9gales - On Behalf AI<\/title>\n<meta name=\"robots\" content=\"index, follow, max-snippet:-1, max-image-preview:large, max-video-preview:-1\" \/>\n<link rel=\"canonical\" href=\"https:\/\/onbehalf.ai\/index.php\/fr\/legal-mentions\/\" \/>\n<meta property=\"og:locale\" content=\"fr_FR\" \/>\n<meta property=\"og:type\" content=\"article\" \/>\n<meta property=\"og:title\" content=\"Mentions l\u00e9gales - On Behalf AI\" \/>\n<meta property=\"og:description\" content=\"Mentions l\u00e9gales Bienvenue sur le site web &#8220;On Behalf AI&#8221;. En utilisant ce site, vous acceptez de vous conformer aux conditions d&#8217;utilisation \u00e9nonc\u00e9es ci-dessous. Si vous n&#8217;acceptez pas ces conditions, veuillez ne pas utiliser ce site. Editeur du site Raison sociale : On Behalf AI \/ Adresse : \/\u00a0 E-mail : \/ Directeur de publication&hellip;&nbsp;Lire la suite &raquo;Mentions l\u00e9gales\" \/>\n<meta property=\"og:url\" content=\"https:\/\/onbehalf.ai\/index.php\/fr\/legal-mentions\/\" \/>\n<meta property=\"og:site_name\" content=\"On Behalf AI\" \/>\n<meta property=\"article:modified_time\" content=\"2024-03-29T12:54:08+00:00\" \/>\n<meta property=\"og:image\" content=\"https:\/\/onbehalf.ai\/wp-content\/uploads\/2024\/02\/2-300x13.png\" \/>\n<meta name=\"twitter:card\" content=\"summary_large_image\" \/>\n<meta name=\"twitter:label1\" content=\"Dur\u00e9e de lecture estim\u00e9e\" \/>\n\t<meta name=\"twitter:data1\" content=\"3 minutes\" \/>\n<script type=\"application\/ld+json\" class=\"yoast-schema-graph\">{\"@context\":\"https:\/\/schema.org\",\"@graph\":[{\"@type\":\"WebPage\",\"@id\":\"https:\/\/onbehalf.ai\/index.php\/fr\/legal-mentions\/\",\"url\":\"https:\/\/onbehalf.ai\/index.php\/fr\/legal-mentions\/\",\"name\":\"Mentions l\u00e9gales - On Behalf AI\",\"isPartOf\":{\"@id\":\"https:\/\/onbehalf.ai\/#website\"},\"primaryImageOfPage\":{\"@id\":\"https:\/\/onbehalf.ai\/index.php\/fr\/legal-mentions\/#primaryimage\"},\"image\":{\"@id\":\"https:\/\/onbehalf.ai\/index.php\/fr\/legal-mentions\/#primaryimage\"},\"thumbnailUrl\":\"https:\/\/onbehalf.ai\/wp-content\/uploads\/2024\/02\/2-300x13.png\",\"datePublished\":\"2024-02-05T22:26:50+00:00\",\"dateModified\":\"2024-03-29T12:54:08+00:00\",\"breadcrumb\":{\"@id\":\"https:\/\/onbehalf.ai\/index.php\/fr\/legal-mentions\/#breadcrumb\"},\"inLanguage\":\"fr-FR\",\"potentialAction\":[{\"@type\":\"ReadAction\",\"target\":[\"https:\/\/onbehalf.ai\/index.php\/fr\/legal-mentions\/\"]}]},{\"@type\":\"ImageObject\",\"inLanguage\":\"fr-FR\",\"@id\":\"https:\/\/onbehalf.ai\/index.php\/fr\/legal-mentions\/#primaryimage\",\"url\":\"https:\/\/onbehalf.ai\/wp-content\/uploads\/2024\/02\/2.png\",\"contentUrl\":\"https:\/\/onbehalf.ai\/wp-content\/uploads\/2024\/02\/2.png\",\"width\":383,\"height\":17},{\"@type\":\"BreadcrumbList\",\"@id\":\"https:\/\/onbehalf.ai\/index.php\/fr\/legal-mentions\/#breadcrumb\",\"itemListElement\":[{\"@type\":\"ListItem\",\"position\":1,\"name\":\"Accueil\",\"item\":\"https:\/\/onbehalf.ai\/\"},{\"@type\":\"ListItem\",\"position\":2,\"name\":\"On Behalf AI\",\"item\":\"https:\/\/onbehalf.ai\/\"},{\"@type\":\"ListItem\",\"position\":3,\"name\":\"Mentions l\u00e9gales\"}]},{\"@type\":\"WebSite\",\"@id\":\"https:\/\/onbehalf.ai\/#website\",\"url\":\"https:\/\/onbehalf.ai\/\",\"name\":\"On Behalf AI\",\"description\":\"Conseil &amp; Op\u00e9rateur d&#039;IA\",\"publisher\":{\"@id\":\"https:\/\/onbehalf.ai\/#organization\"},\"potentialAction\":[{\"@type\":\"SearchAction\",\"target\":{\"@type\":\"EntryPoint\",\"urlTemplate\":\"https:\/\/onbehalf.ai\/?s={search_term_string}\"},\"query-input\":\"required name=search_term_string\"}],\"inLanguage\":\"fr-FR\"},{\"@type\":\"Organization\",\"@id\":\"https:\/\/onbehalf.ai\/#organization\",\"name\":\"On Behalf AI\",\"url\":\"https:\/\/onbehalf.ai\/\",\"logo\":{\"@type\":\"ImageObject\",\"inLanguage\":\"fr-FR\",\"@id\":\"https:\/\/onbehalf.ai\/#\/schema\/logo\/image\/\",\"url\":\"https:\/\/onbehalf.ai\/wp-content\/uploads\/2024\/01\/NEW_On_Behalf_LogoTitle_bigger_bottom_line-1.svg\",\"contentUrl\":\"https:\/\/onbehalf.ai\/wp-content\/uploads\/2024\/01\/NEW_On_Behalf_LogoTitle_bigger_bottom_line-1.svg\",\"width\":943,\"height\":215,\"caption\":\"On Behalf AI\"},\"image\":{\"@id\":\"https:\/\/onbehalf.ai\/#\/schema\/logo\/image\/\"}}]}<\/script>\n<!-- \/ Yoast SEO plugin. -->","yoast_head_json":{"title":"Mentions l\u00e9gales - On Behalf AI","robots":{"index":"index","follow":"follow","max-snippet":"max-snippet:-1","max-image-preview":"max-image-preview:large","max-video-preview":"max-video-preview:-1"},"canonical":"https:\/\/onbehalf.ai\/index.php\/fr\/legal-mentions\/","og_locale":"fr_FR","og_type":"article","og_title":"Mentions l\u00e9gales - On Behalf AI","og_description":"Mentions l\u00e9gales Bienvenue sur le site web &#8220;On Behalf AI&#8221;. En utilisant ce site, vous acceptez de vous conformer aux conditions d&#8217;utilisation \u00e9nonc\u00e9es ci-dessous. Si vous n&#8217;acceptez pas ces conditions, veuillez ne pas utiliser ce site. Editeur du site Raison sociale : On Behalf AI \/ Adresse : \/\u00a0 E-mail : \/ Directeur de publication&hellip;&nbsp;Lire la suite &raquo;Mentions l\u00e9gales","og_url":"https:\/\/onbehalf.ai\/index.php\/fr\/legal-mentions\/","og_site_name":"On Behalf AI","article_modified_time":"2024-03-29T12:54:08+00:00","og_image":[{"url":"https:\/\/onbehalf.ai\/wp-content\/uploads\/2024\/02\/2-300x13.png"}],"twitter_card":"summary_large_image","twitter_misc":{"Dur\u00e9e de lecture estim\u00e9e":"3 minutes"},"schema":{"@context":"https:\/\/schema.org","@graph":[{"@type":"WebPage","@id":"https:\/\/onbehalf.ai\/index.php\/fr\/legal-mentions\/","url":"https:\/\/onbehalf.ai\/index.php\/fr\/legal-mentions\/","name":"Mentions l\u00e9gales - On Behalf AI","isPartOf":{"@id":"https:\/\/onbehalf.ai\/#website"},"primaryImageOfPage":{"@id":"https:\/\/onbehalf.ai\/index.php\/fr\/legal-mentions\/#primaryimage"},"image":{"@id":"https:\/\/onbehalf.ai\/index.php\/fr\/legal-mentions\/#primaryimage"},"thumbnailUrl":"https:\/\/onbehalf.ai\/wp-content\/uploads\/2024\/02\/2-300x13.png","datePublished":"2024-02-05T22:26:50+00:00","dateModified":"2024-03-29T12:54:08+00:00","breadcrumb":{"@id":"https:\/\/onbehalf.ai\/index.php\/fr\/legal-mentions\/#breadcrumb"},"inLanguage":"fr-FR","potentialAction":[{"@type":"ReadAction","target":["https:\/\/onbehalf.ai\/index.php\/fr\/legal-mentions\/"]}]},{"@type":"ImageObject","inLanguage":"fr-FR","@id":"https:\/\/onbehalf.ai\/index.php\/fr\/legal-mentions\/#primaryimage","url":"https:\/\/onbehalf.ai\/wp-content\/uploads\/2024\/02\/2.png","contentUrl":"https:\/\/onbehalf.ai\/wp-content\/uploads\/2024\/02\/2.png","width":383,"height":17},{"@type":"BreadcrumbList","@id":"https:\/\/onbehalf.ai\/index.php\/fr\/legal-mentions\/#breadcrumb","itemListElement":[{"@type":"ListItem","position":1,"name":"Accueil","item":"https:\/\/onbehalf.ai\/"},{"@type":"ListItem","position":2,"name":"On Behalf AI","item":"https:\/\/onbehalf.ai\/"},{"@type":"ListItem","position":3,"name":"Mentions l\u00e9gales"}]},{"@type":"WebSite","@id":"https:\/\/onbehalf.ai\/#website","url":"https:\/\/onbehalf.ai\/","name":"On Behalf AI","description":"Conseil &amp; Op\u00e9rateur d&#039;IA","publisher":{"@id":"https:\/\/onbehalf.ai\/#organization"},"potentialAction":[{"@type":"SearchAction","target":{"@type":"EntryPoint","urlTemplate":"https:\/\/onbehalf.ai\/?s={search_term_string}"},"query-input":"required name=search_term_string"}],"inLanguage":"fr-FR"},{"@type":"Organization","@id":"https:\/\/onbehalf.ai\/#organization","name":"On Behalf AI","url":"https:\/\/onbehalf.ai\/","logo":{"@type":"ImageObject","inLanguage":"fr-FR","@id":"https:\/\/onbehalf.ai\/#\/schema\/logo\/image\/","url":"https:\/\/onbehalf.ai\/wp-content\/uploads\/2024\/01\/NEW_On_Behalf_LogoTitle_bigger_bottom_line-1.svg","contentUrl":"https:\/\/onbehalf.ai\/wp-content\/uploads\/2024\/01\/NEW_On_Behalf_LogoTitle_bigger_bottom_line-1.svg","width":943,"height":215,"caption":"On Behalf AI"},"image":{"@id":"https:\/\/onbehalf.ai\/#\/schema\/logo\/image\/"}}]}},"_links":{"self":[{"href":"https:\/\/onbehalf.ai\/index.php\/wp-json\/wp\/v2\/pages\/62","targetHints":{"allow":["GET"]}}],"collection":[{"href":"https:\/\/onbehalf.ai\/index.php\/wp-json\/wp\/v2\/pages"}],"about":[{"href":"https:\/\/onbehalf.ai\/index.php\/wp-json\/wp\/v2\/types\/page"}],"author":[{"embeddable":true,"href":"https:\/\/onbehalf.ai\/index.php\/wp-json\/wp\/v2\/users\/1"}],"replies":[{"embeddable":true,"href":"https:\/\/onbehalf.ai\/index.php\/wp-json\/wp\/v2\/comments?post=62"}],"version-history":[{"count":4,"href":"https:\/\/onbehalf.ai\/index.php\/wp-json\/wp\/v2\/pages\/62\/revisions"}],"predecessor-version":[{"id":730,"href":"https:\/\/onbehalf.ai\/index.php\/wp-json\/wp\/v2\/pages\/62\/revisions\/730"}],"up":[{"embeddable":true,"href":"https:\/\/onbehalf.ai\/index.php\/wp-json\/wp\/v2\/pages\/37"}],"wp:attachment":[{"href":"https:\/\/onbehalf.ai\/index.php\/wp-json\/wp\/v2\/media?parent=62"}],"curies":[{"name":"wp","href":"https:\/\/api.w.org\/{rel}","templated":true}]}}